{"id":105,"date":"2019-01-31T16:27:48","date_gmt":"2019-01-31T16:27:48","guid":{"rendered":"http:\/\/gutachter-flori.de\/?page_id=105"},"modified":"2025-12-11T11:32:50","modified_gmt":"2025-12-11T11:32:50","slug":"datenschutzbestimmungen","status":"publish","type":"page","link":"http:\/\/www.gutachter-flori.de\/?page_id=105","title":{"rendered":"Datenschutzerkl\u00e4rung"},"content":{"rendered":"<p>Datenschutzerkl\u00e4rung<\/p>\n<p>Allgemeiner Hinweis und Pflichtinformationen<\/p>\n<p>Verantwortliche f\u00fcr die Datenverarbeitung auf dieser Website ist:<\/p>\n<p>Dipl.-Ing. (FH)<br \/>\nFlorian-Benjamin Zander<br \/>\nGockelweg 21<br \/>\n12355 berlin<\/p>\n<p>(ab dem 01.02.2026 ist folgende Adresse g\u00fcltig:<\/p>\n<p>Heusingerstra\u00dfe 12<br \/>\n12107 Berlin )<\/p>\n<p>Widerruf Ihrer Einwilligung zur Datenverarbeitung<\/p>\n<p>Ausschlie\u00dflich mit Ihrer ausdr\u00fccklichen Einwilligung sind einige Vorg\u00e4nge der Datenverarbeitung m\u00f6glich. Es ist m\u00f6glich Ihre Einwilligung jederzeit zu widerrufen. F\u00fcr den Widerruf gen\u00fcgt eine Mitteilung per E-Mail. Die Rechtm\u00e4\u00dfigkeit der bis zum Widerruf erfolgten Datenverarbeitung bleibt vom Widerruf unber\u00fchrt.<\/p>\n<p>Recht auf Beschwerde bei der zust\u00e4ndigen Aufsichtsbeh\u00f6rde<\/p>\n<p>Als Betroffener steht Ihnen im Falle eines datenschutzrechtlichen Versto\u00dfes ein Beschwerderecht bei der zust\u00e4ndigen Aufsichtsbeh\u00f6rde zu. Zust\u00e4ndige Aufsichtsbeh\u00f6rde bez\u00fcglich datenschutzrechtlicher Fragen ist der Landesdatenschutzbeauftragte des Bundeslandes, in unserem Fall zust\u00e4ndig f\u00fcr Berlin. Der folgende Link stellt eine Liste der Datenschutzbeauftragten sowie deren Kontaktdaten bereit: https:\/\/www.bfdi.bund.de\/SharedDocs\/Adressen\/LfD\/Berlin.html;jsessionid=3308DDB36DDBCA5B69AD4E03A69BDEC0.2_cid329?nn=5217144.<\/p>\n<p>Recht auf Daten\u00fcbertragbarkeit<\/p>\n<p>Ihnen steht das Recht zu, Daten, die wir auf Grundlage Ihrer Einwilligung oder in Erf\u00fcllung eines Vertrags automatisiert verarbeiten, an sich oder an Dritte aush\u00e4ndigen zu lassen. Die Bereitstellung erfolgt in einem maschinenlesbaren Format. Sofern Sie die direkte \u00dcbertragung Ihrer Daten an einen anderen Verantwortlichen verlangen, erfolgt dies nur, soweit es technisch umsetzbar ist.<\/p>\n<p>Recht auf Berichtigung, Auskunft, L\u00f6schung, Sperrung<\/p>\n<p>Im Rahmen der geltenden gesetzlichen Bestimmungen haben sie jederzeit das Recht auf Auskunft \u00fcber Ihre gespeicherten personenbezogenen Daten, Herkunft der Daten, deren Empf\u00e4nger und den Zweck der Datenverarbeitung und ggf. ein Recht auf Berichtigung, Sperrung oder L\u00f6schung dieser Daten. Diesbez\u00fcglich und auch zu weiteren Fragen zum Thema personenbezogene Daten k\u00f6nnen Sie sich jederzeit schriftlich an uns wenden.<\/p>\n<p>SSL- bzw. TLS-Verschl\u00fcsselung<\/p>\n<p>Aus Sicherheitsgr\u00fcnden und zum Schutz der \u00dcbertragung vertraulicher Inhalte, die Sie an uns als Seitenbetreiber senden, nutzt unsere Website eine SSL-bzw. TLS-Verschl\u00fcsselung. Damit sind Daten, die Sie \u00fcber diese Website \u00fcbermitteln, f\u00fcr Dritte nicht einsehbar. Sie erkennen eine verschl\u00fcsselte Verbindung an der \u201ehttps:\/\/\u201c Adresszeile Ihres Browsers und am Schloss-Symbol in der Browserzeile (meist ganz links).<\/p>\n<p>Server-Log-Dateien<\/p>\n<p>In Server-Log-Dateien erhebt und speichert der Provider der Website automatisch Informationen, die Ihr Browser automatisch an uns \u00fcbermittelt. Dies sind:<\/p>\n<p>Besuchte Seite auf unserer www.gutachter-flori.de<br \/>\nDatum und Uhrzeit der Serveranfrage<br \/>\nBrowsertyp und Browserversion<br \/>\nVerwendetes Betriebssystem<br \/>\nReferrer URL<br \/>\nHostname des zugreifenden Rechners<br \/>\nIP-Adresse<\/p>\n<p>Es findet keine Zusammenf\u00fchrung dieser Daten mit anderen Datenquellen statt. Au\u00dfnahme bildet der Hoster dieser Website der &#8222;Strato AG&#8220;. Grundlage der Datenverarbeitung bildet Art. 6 Abs. 1 lit. b DSGVO, der die Verarbeitung von Daten zur Erf\u00fcllung eines Vertrags oder vorvertraglicher Ma\u00dfnahmen gestattet. Die Daten werden von uns aus technischengr\u00fcnden erhoben, damit Ihnen ihr Browser auf dem Endger\u00e4t unsere Website aufrufen und darstellen kann.<\/p>\n<p>Datenschutzerkl\u00e4rung \u00fcber die Nutzung von Facebook-Plugins (Like-Button)<\/p>\n<p>Auf unseren Seite www.gutachter-flori.de sind Plugins des sozialen Netzwerks Facebook, 1601 South California Avenue, Palo Alto, CA 94304, USA integriert. Die Facebook-Plugins erkennen Sie an dem Facebook-Logo oder dem &#8222;Like-Button&#8220; (&#8222;Gef\u00e4llt mir\u201c) auf unserer Seite. Eine \u00dcbersicht \u00fcber die Facebook-Plugins finden Sie hier: http:\/\/developers.facebook.com\/docs\/plugins\/ Wenn Sie unsere Seiten www.gutachter-flori.de besuchen, wird \u00fcber das Plugin eine direkte Verbindung zwischen Ihrem Browser und dem Facebook-Server hergestellt. Facebook erh\u00e4lt dadurch die Information, dass Sie mit Ihrer IP-Adresse unsere Seite www.gutachter-flori.de besucht haben. Wenn Sie den Facebook \u201eLike-Button\u201c anklicken w\u00e4hrend Sie in Ihrem Facebook-Account eingeloggt sind, k\u00f6nnen Sie die Inhalte unserer Seiten auf Ihrem Facebook-Profil verlinken. Dadurch kann Facebook den Besuch unserer Seiten Ihrem Benutzerkonto zuordnen. Wir weisen darauf hin, dass wir als Anbieter der Seiten keine Kenntnis vom Inhalt der \u00fcbermittelten Daten sowie deren Nutzung durch Facebook erhalten. Weitere Informationen hierzu finden Sie in der Datenschutzerkl\u00e4rung von facebook unter https:\/\/de-de.facebook.com\/policy.php<\/p>\n<p>Loggen Sie sich bitte aus Ihrem Facebook-Benutzerkonto aus, wenn Sie nicht w\u00fcnschen, dass Facebook den Besuch unserer Seiten Ihrem Facebook-Nutzerkonto zuordnen kann.<\/p>\n","protected":false},"excerpt":{"rendered":"<p>Datenschutzerkl\u00e4rung Allgemeiner Hinweis und Pflichtinformationen Verantwortliche f\u00fcr die Datenverarbeitung auf dieser Website ist: Dipl.-Ing. (FH) Florian-Benjamin Zander Gockelweg 21 12355 berlin (ab dem 01.02.2026 ist folgende Adresse g\u00fcltig: Heusingerstra\u00dfe 12 12107 Berlin ) Widerruf Ihrer Einwilligung zur Datenverarbeitung Ausschlie\u00dflich mit Ihrer ausdr\u00fccklichen Einwilligung sind einige Vorg\u00e4nge der Datenverarbeitung m\u00f6glich. Es ist m\u00f6glich Ihre Einwilligung jederzeit &hellip; <\/p>\n<p class=\"link-more\"><a href=\"http:\/\/www.gutachter-flori.de\/?page_id=105\" class=\"more-link\"><span class=\"screen-reader-text\">\u201eDatenschutzerkl\u00e4rung\u201c<\/span> weiterlesen<\/a><\/p>\n","protected":false},"author":1,"featured_media":0,"parent":0,"menu_order":0,"comment_status":"closed","ping_status":"closed","template":"","meta":{"footnotes":""},"class_list":["post-105","page","type-page","status-publish","hentry"],"_links":{"self":[{"href":"http:\/\/www.gutachter-flori.de\/index.php?rest_route=\/wp\/v2\/pages\/105","targetHints":{"allow":["GET"]}}],"collection":[{"href":"http:\/\/www.gutachter-flori.de\/index.php?rest_route=\/wp\/v2\/pages"}],"about":[{"href":"http:\/\/www.gutachter-flori.de\/index.php?rest_route=\/wp\/v2\/types\/page"}],"author":[{"embeddable":true,"href":"http:\/\/www.gutachter-flori.de\/index.php?rest_route=\/wp\/v2\/users\/1"}],"replies":[{"embeddable":true,"href":"http:\/\/www.gutachter-flori.de\/index.php?rest_route=%2Fwp%2Fv2%2Fcomments&post=105"}],"version-history":[{"count":8,"href":"http:\/\/www.gutachter-flori.de\/index.php?rest_route=\/wp\/v2\/pages\/105\/revisions"}],"predecessor-version":[{"id":160,"href":"http:\/\/www.gutachter-flori.de\/index.php?rest_route=\/wp\/v2\/pages\/105\/revisions\/160"}],"wp:attachment":[{"href":"http:\/\/www.gutachter-flori.de\/index.php?rest_route=%2Fwp%2Fv2%2Fmedia&parent=105"}],"curies":[{"name":"wp","href":"https:\/\/api.w.org\/{rel}","templated":true}]}}